 4936?
2, 617
What are the prime factors of 39015?
3, 5, 17
List the prime factors of 706.
2, 353
List the prime factors of 2334.
2, 3, 389
List the prime factors of 51388.
2, 29, 443
List the prime factors of 6899.
6899
What are the prime factors of 493?
17, 29
What are the prime factors of 5373?
3, 199
What are the prime factors of 754?
2, 13, 29
What are the prime factors of 408?
2, 3, 17
List the prime factors of 144754.
2, 157, 461
List the prime factors of 180395.
5, 109, 331
What are the prime factors of 70750?
2, 5, 283
List the prime factors of 9944.
2, 11, 113
List the prime factors of 30405.
3, 5, 2027
List the prime factors of 8559.
3, 317
What are the prime factors of 20597?
43, 479
What are the prime factors of 4107?
3, 37
What are the prime factors of 856?
2, 107
What are the prime factors of 2165?
5, 433
What are the prime factors of 111021?
3, 23, 1609
List the prime factors of 83924.
2, 20981
List the prime factors of 295.
5, 59
List the prime factors of 11878.
2, 5939
List the prime factors of 3248.
2, 7, 29
What are the prime factors of 25185?
3, 5, 23, 73
List the prime factors of 65755.
5, 13151
List the prime factors of 123384.
2, 3, 53, 97
List the prime factors of 22997.
13, 29, 61
What are the prime factors of 15076?
2, 3769
What are the prime factors of 106074?
2, 3, 71, 83
What are the prime factors of 3065?
5, 613
List the prime factors of 2926.
2, 7, 11, 19
List the prime factors of 8191.
8191
What are the prime factors of 2009?
7, 41
List the prime factors of 1714.
2, 857
List the prime factors of 321.
3, 107
What are the prime factors of 11808?
2, 3, 41
List the prime factors of 2699.
2699
List the prime factors of 6940.
2, 5, 347
List the prime factors of 22078.
2, 7, 19, 83
List the prime factors of 73833.
3, 24611
What are the prime factors of 189?
3, 7
What are the prime factors of 14755?
5, 13, 227
What are the prime factors of 1282?
2, 641
What are the prime factors of 1782?
2, 3, 11
What are the prime factors of 48955?
5, 9791
What are the prime factors of 5601?
3, 1867
What are the prime factors of 86939?
86939
List the prime factors of 146320.
2, 5, 31, 59
What are the prime factors of 824?
2, 103
What are the prime factors of 473?
11, 43
List the prime factors of 6075.
3, 5
What are the prime factors of 29826?
2, 3, 1657
List the prime factors of 7100.
2, 5, 71
What are the prime factors of 51759?
3, 71
List the prime factors of 2390.
2, 5, 239
What are the prime factors of 10896?
2, 3, 227
List the prime factors of 58544.
2, 3659
What are the prime factors of 13981?
11, 31, 41
List the prime factors of 26143.
13, 2011
List the prime factors of 14507.
89, 163
What are the prime factors of 1004?
2, 251
What are the prime factors of 35255?
5, 11, 641
What are the prime factors of 1467?
3, 163
List the prime factors of 208.
2, 13
What are the prime factors of 280?
2, 5, 7
What are the prime factors of 1778?
2, 7, 127
What are the prime factors of 20941?
43, 487
What are the prime factors of 1552?
2, 97
What are the prime factors of 48196?
2, 12049
List the prime factors of 64716.
2, 3, 5393
What are the prime factors of 3006?
2, 3, 167
List the prime factors of 22362.
2, 3, 3727
List the prime factors of 3366.
2, 3, 11, 17
List the prime factors of 12086.
2, 6043
List the prime factors of 7350.
2, 3, 5, 7
List the prime factors of 308.
2, 7, 11
List the prime factors of 54.
2, 3
What are the prime factors of 12042?
2, 3, 223
What are the prime factors of 60933?
3, 19, 1069
What are the prime factors of 5079?
3, 1693
List the prime factors of 1300.
2, 5, 13
What are the prime factors of 502?
2, 251
What are the prime factors of 2377?
2377
What are the prime factors of 2695?
5, 7, 11
What are the prime factors of 20892?
2, 3, 1741
List the prime factors of 14331.
3, 17, 281
List the prime factors of 35.
5, 7
List the prime factors of 1648.
2, 103
List the prime factors of 17349.
3, 5783
What are the prime factors of 766?
2, 383
List the prime factors of 259.
7, 37
List the prime factors of 13631.
43, 317
List the prime factors of 71350.
2, 5, 1427
List the prime factors of 52986.
2, 3, 8831
List the prime factors of 195.
3, 5, 13
What are the prime factors of 5374?
2, 2687
What are the prime factors of 4004?
2, 7, 11, 13
What are the prime factors of 2598?
2, 3, 433
List the prime factors of 111001.
11, 10091
List the prime factors of 87715.
5, 53, 331
What are the prime factors of 3622?
2, 1811
What are the prime factors of 69169?
263
List the prime factors of 1279.
1279
List the prime factors of 31050.
2, 3, 5, 23
List the prime factors of 1373.
1373
What are the prime factors of 2031?
3, 677
What are the prime factors of 8085?
3, 5, 7, 11
What are the prime factors of 169?
13
What are the prime factors of 146824?
2, 18353
What are the prime factors of 19036?
2, 4759
What are the prime factors of 578?
2, 17
List the prime factors of 96.
2, 3
What are the prime factors of 3978?
2, 3, 13, 17
List the prime factors of 75819.
3, 127, 199
What are the prime factors of 2619?
3, 97
What are the prime factors of 1619?
1619
What are the prime factors of 410?
2, 5, 41
What are the prime factors of 441?
3, 7
List the prime factors of 5835.
3, 5, 389
What are the prime factors of 70307?
167, 421
What are the prime factors of 12374?
2, 23, 269
List the prime factors of 4507.
4507
List the prime factors of 37659.
3, 12553
What are the prime factors of 34659?
3, 3851
What are the prime factors of 3987?
3, 443
List the prime factors of 1750.
2, 5, 7
List the prime factors of 47035.
5, 23, 409
What are the prime factors of 3946?
2, 1973
List the prime factors of 879.
3, 293
What are the prime factors of 1741?
1741
List the prime factors of 3449.
3449
List the prime factors of 1347.
3, 449
What are the prime factors of 145699?
367, 397
List the prime factors of 405.
3, 5
What are the prime factors of 994?
2, 7, 71
What are the prime factors of 47329?
19, 47, 53
List the prime factors of 1006.
2, 503
List the prime factors of 550.
2, 5, 11
What are the prime factors of 4314?
2, 3, 719
What are the prime factors of 6054?
2, 3, 1009
What are the prime factors of 431?
431
What are the prime factors of 2626?
2, 13, 101
List the prime factors of 15028.
2, 13, 17
List the prime factors of 2793.
3, 7, 19
What are the prime factors of 1508?
2, 13, 29
What are the prime factors of 45803?
163, 281
List the prime factors of 10395.
3, 5, 7, 11
What are the prime factors of 14820?
2, 3, 5, 13, 19
What are the prime factors of 762?
2, 3, 127
What are the prime factors of 555?
3, 5, 37
What are the prime factors of 4004?
2, 7, 11, 13
List the prime factors of 34790.
2, 5, 7, 71
List the prime factors of 11081.
7, 1583
What are the prime factors of 11651?
61, 191
What are the prime factors of 118575?
3, 5, 17, 31
List the prime factors of 61800.
2, 3, 5, 103
List the prime factors of 4368.
2, 3, 7, 13
List the prime factors of 1033.
1033
What are the prime factors of 2476?
2, 619
List the prime factors of 140701.
11, 12791
What are the prime factors of 2695?
5, 7, 11
List the prime factors of 9100.
2, 5, 7, 13
List the prime factors of 303.
3, 101
What are the prime factors of 987?
3, 7, 47
List the prime factors of 3239.
41, 79
List the prime factors of 18911.
18911
What are the prime factors of 533?
13, 41
List the prime factors of 20180.
2, 5, 1009
What are the prime factors of 1074?
2, 3, 179
List the prime factors of 15100.
2, 5, 151
List the prime factors of 160966.
2, 13, 41, 151
What are the prime factors of 2190?
2, 3, 5, 73
List the prime factors of 21408.
2, 3, 223
List the prime factors of 2320.
2, 5, 29
What are the prime factors of 10801?
7, 1543
What are the prime factors of 6224?
2, 389
List the prime factors of 28950.
2, 3, 5, 193
List the prime factors of 38499.
3, 41, 313
List the prime factors of 11574.
2, 3, 643
List the prime factors of 842.
2, 421
What are the prime factors of 10321?
10321
List the prime factors of 1081.
23, 47
What are the prime factors of 13403?
13, 1031
List the prime factors of 86170.
2, 5, 7, 1231
List the prime factors of 10402.
2, 7, 743
List the prime factors of 4233.
3, 17, 83
What are the prime factors of 3164?
2, 7, 113
What are the prime factors of 13826?
2, 31, 223
List the prime fa